
Suppose -19*t = -23*t - 16 + 4. Let l(k) = -15*k - 7. Give l(t).
38
Suppose 73*o - 414 = 27*o. Let h(q) = -q**2 + 2*q + 54. Calculate h(o).
-9
Let z(s) = -35*s - 59. Let t(w) = -8*w - 3. Let r(x) = 4*t(x) - z(x). Give r(-18).
-7
Let s(l) = l**3 + 11*l**2 - 9*l + 27. Let h = -30561 - -30549. Give s(h).
-9
Suppose -141*r = -22*r - 238. Let g(o) be the first derivative of -2*o - 1/3*o**3 - 3*o**r - 5. Calculate g(-6).
-2
Let u = -1103 - -1107. Let d(j) = 2*j**3 - 13*j**2 + 11*j + 11. Let y(o) = -o**3 + 7*o**2 - 6*o - 6. Let b(h) = 3*d(h) + 5*y(h). Determine b(u).
15
Let x be 231/(-22)*(-2)/(-3). Let c(r) be the third derivative of 0 + 3/2*r**3 - 4*r**2 - 6*r + 1/24*r**4. Calculate c(x).
2
Suppose 7*a - 227 = 557. Suppose 0*i - a = 14*i. Let g(z) = z**3 + 8*z**2 - 2. Calculate g(i).
-2
Let v(r) = -16*r - 63. Let l be 60/9*138/(-230). What is v(l)?
1
Let a = 117 + -115. Let p(v) = -4*v**2 + 4 + 2*v**2 - v**3 - 40*v + 5*v**a + 38*v. Calculate p(3).
-2
Let h(w) = w**2 - 6*w - 6. Suppose -23 = -4*z + 3*f, -6*z + 7*z + 2*f = 14. What is h(z)?
10
Let v = 210 - 228. Let z be (19 - 21)/(3/(v/(-4))). Let w(y) = 5*y**2 + 4*y + 4. Calculate w(z).
37
Suppose q = 1, 4*t + 3*q - 44 = -q. Let b = 15 - t. Let k(o) be the first derivative of -o**3/3 + 5*o**2/2 - 4*o - 816. Determine k(b).
-4
Let v(q) = 13*q - 335. Let f = -12895 + 12921. What is v(f)?
3
Let a(d) = -151*d + 338*d + 9 - 172*d. Determine a(-2).
-21
Suppose -2*h + m + 3 = 2*m, 2*h = 3*m - 9. Suppose 7*d - 12 = 9*d + 3*s, 2*s + 8 = d. Let l(w) = -w - 1 + 6 + d + 3. Give l(h).
8
Suppose 12*l - 1540 = 5*l. Let c be (-18)/5*l/(-132). Let p(z) be the first derivative of z**4/4 - 7*z**3/3 + 7*z**2/2 + 3*z - 2. Give p(c).
9
Let o(s) = -19*s + 109. Let g(y) = 52*y - 298. Let f(b) = 4*g(b) + 11*o(b). Let c = 30 + -16. Let h = c - 8. Determine f(h).
1
Let m(j) be the third derivative of -j**6/120 - j**5/12 - 5*j**4/24 - j**3/2 - j**2. Suppose 27 = -9*d - 9. Let q be (-56)/(-32)*d - -1*4. Give m(q).
-6
Let y = 140 + -149. Let i be (2/(-3))/(24/36). Let x = y - i. Let c(p) = -p**2 - 8*p + 2. What is c(x)?
2
Suppose 46*l - 486 - 252 = 169*l. Let y(d) = d**3 + 18*d**2 + 70*d - 14. Calculate y(l).
-2
Suppose 11*n + n - 108 = 0. Let z(s) = 35 - 88 + n*s + 56. Let k = 4 + -6. What is z(k)?
-15
Suppose r = 7*j - 3*j - 439, r = 3*j - 328. Let s = j + -114. Let g(h) = -7*h - 3. What is g(s)?
18
Let g(f) = 62*f + 10 - 8*f - 9*f - 30*f - 14*f. Let y be 0/((5 - 4) + -2). Determine g(y).
10
Let l be (51/68)/((-1)/4). Let h be -4 + 0*-3*1/l. Let s(r) = r**2 + 2*r. Determine s(h).
8
Let i(m) = -2*m + 19. Suppose -2*n - 5*p - 15 = 0, 2*n = -3*n - p + 20. Suppose 5*f - 45 = 5*l, -n*l = 6*f - 2*f - 45. Determine i(f).
-1
Let p(h) = -3*h**2 - 17*h + 83. Let l(q) = q**2 + 2*q - 13. Let r(i) = 5*l(i) + p(i). Determine r(4).
22
Let s(q) = 180 + 200 - 515 + q + 165. Give s(-18).
12
Let y(n) = -15*n**2 + 3. Let o be y(4). Let i = o - -233. Let u(g) = g**2 - 2*g - 1. Calculate u(i).
23
Suppose -4*t + o = 21, -4*t - 5 - 20 = -5*o. Let i = 16 - -4. Let d be 3/2*t/(i/(-8)). Let g(n) = 3*n - 3. Determine g(d).
6
Let x(u) = u**2 - 20*u + 11. Let k be (4/12*-3)/(3*1/(-51)). Calculate x(k).
-40
Let t(m) = -5*m - 3. Suppose -51*i - 28 = -52*i. Let g = -30 + i. Calculate t(g).
7
Let b be (-10)/((-80)/24) + (-32)/(-4) + -2. Let r(j) = -6*j + 53. Calculate r(b).
-1
Let a be 24/9 + (102/(-18) - -6). Let i(q) = q**3 - 2*q**2 - 3*q - 3. Determine i(a).
-3
Let f = 253419 - 253422. Let c be 63/12 + 1/(-4). Let b(y) = -2*y + 5*y - c + 4. Calculate b(f).
-10
Suppose -5*v - 6 + 21 = 0. Let i(m) = -m**3 + 2*m**2 + 5*m - 3. Let f be i(v). Let d(w) = 15*w - f - 5*w**2 - 5*w - w - 5*w + w**3. Calculate d(3).
-9
Let i(s) = -s - 32. Let f be 3822/364 - (-6)/(-4). Determine i(f).
-41
Let w be 1*11 + (-496)/62. Let p(y) be the first derivative of -1/3*y**w - y + 9 - 7/2*y**2. Calculate p(-5).
9
Let r(h) be the first derivative of 4*h**2 + 38*h - 1842. Determine r(-5).
-2
Let m be (5/10)/(3/24). Let j(o) = -2*o + m*o + 11*o**2 + 7*o**2 - 17*o**2 + 3. Calculate j(-4).
11
Let s(l) = 10*l**2 + 12*l + 16. Let z(f) = -3*f**2 - 4*f - 5. Let o(w) = 2*s(w) + 7*z(w). Let p be (7 - (-4 - 3)) + -17. What is o(p)?
0
Let g(j) = -3*j**3 + 3*j**2 - 5*j + 7. Suppose 34*p + 286 = 354. Determine g(p).
-15
Let o(j) = j**2 + 54*j - 357. Suppose 7541*i - 540 = 7550*i. Give o(i).
3
Let j(r) = 53*r**2 - 1 - 3 + 7 + 5*r - 52*r**2 + 5*r**3 + r**2. Determine j(-1).
-5
Let z = 15 - 29. Let o = -10 - z. Suppose o*b = -4, -2*d - 4*b = -0*d. Let u(y) = 5*y - 1. Give u(d).
9
Let p(q) = 312*q**2 + 4 - 3*q**3 - 4 - 308*q**2 + 5 + 4*q. Give p(4).
-107
Let k = 1 - -9. Let u(b) be the second derivative of b**6/360 - b**5/12 + 5*b**3/2 - 17*b. Let q(j) be the second derivative of u(j). Give q(k).
0
Let f = -8822 + 8809. Let s(n) = -19*n - 239. Calculate s(f).
8
Let y(p) = 2*p**3 - 8*p**2 - 11*p + 11. Suppose -180*z - 204 + 1104 = 0. Give y(z).
6
Suppose -6*b + 4*b + 46 = 5*c, -4*b = 8. Let a be (-3 - (-45)/c)*2. Let s(i) = i**3 - 4*i**2 + 4*i. Calculate s(a).
3
Let s(q) = 3*q**3 + q + 1. Let v(u) = -11*u**3 + 4*u**2 - 3*u + 9. Let x(o) = 4*s(o) + v(o). What is x(-4)?
9
Suppose 36 = 4*o + 100. Let y(q) = -q - 3. Let i(a) = -4*a - 16. Let h(x) = o*y(x) + 3*i(x). Give h(-2).
-8
Suppose -2*h = 5*l + 2*h - 53, 0 = -3*l + 4*h + 19. Let c(k) = 3*k**2 + 4*k - 13. Let p(r) = r**2 - r - 2. Let w(a) = -c(a) + 4*p(a). Determine w(l).
14
Suppose -10*b + 11*b = 29. Let h = 26 - b. Let t(j) = -300*j - j**2 + 4 + 300*j. Calculate t(h).
-5
Let x be 30/(-18) + 4 + (-3)/9. Let c(f) be the third derivative of 5*f**4/24 - 5*f**3/3 + 10*f**2. Let k be c(x). Let i(p) = p**2 + 2. Calculate i(k).
2
Let k(d) = -2482 + 1356 - 387 - 378*d. What is k(-4)?
-1
Let y(u) be the third derivative of 0*u + 0 + 97*u**2 - 5/6*u**3 - 1/15*u**5 - 1/120*u**6 + 5/24*u**4. What is y(-5)?
-5
Let l(n) = 2*n**2 - 4*n - 19. Let v be (32 + -15 - 21)/(((-4)/3)/2). What is l(v)?
29
Let k(g) = -161 - 184 - 164 - 170 + 2*g**2 + 7*g + 701. What is k(-3)?
19
Let d(p) = -2*p + 167*p**2 + 161*p**2 + 1 - 329*p**2. Let i be 1/(-3) - 8/3. Let u(w) = -w**2 - 3*w. Let g(y) = i*d(y) + 4*u(y). Give g(-5).
2
Let u(r) be the first derivative of -2*r**2 - 7. Let p be 45/(-30)*(-58)/27 - 2/9. Give u(p).
-12
Let l(i) be the third derivative of i**5/30 - i**4/2 + 37*i**3/6 + 207*i**2. Determine l(6).
37
Let l(t) = t - 7. Let c be l(14). Let w(f) be the first derivative of -f**3/3 + 3*f**2 + 5*f + 100. What is w(c)?
-2
Let d(o) = 3*o**2 - 7*o - 6. Let v(c) = c**2 - 2*c. Let h(j) = 4*j**2 - 4*j. Let k(n) = h(n) - 2*v(n). Let t(b) = d(b) - 2*k(b). Calculate t(-4).
6
Let v(x) = -23*x + 52. Let l(a) = 6*a - 13. Let b(c) = -9*l(c) - 2*v(c). Let n be b(-7). Let d(i) = -i + n - 69 - i**2. Determine d(-5).
-20
Let f(x) be the third derivative of -7*x**4/8 - 55*x**3/6 + 4*x**2 + 11*x - 17. Determine f(-6).
71
Suppose 0 = 2*n - 5*n, -4*g + 3*n + 20 = 0. Suppose -g*c = -3*c - 2, 2*o - 2*c = -2. Let b(t) = t - 15. Calculate b(o).
-15
Suppose 0 = -v + 5*g + 10, 10*v = 7*v + 4*g - 14. Let i(z) = z + 11. Determine i(v).
1
Let u(r) = -r**2 + 834*r - 5 - 834*r. Let v(c) = -c**3 + 6*c**2 + 7*c. Let k be v(7). Let o be u(k). Let a(s) = s + 1. What is a(o)?
-4
Let s(v) = v**3 - 8*v**2 - v - 5. Let a = 153 - 132. Suppose a*t - 4 = 164. Determine s(t).
-13
Let a(f) = -f**2 - f + 4. Let l(z) be the third derivative of -5*z**4/12 - 7*z**3/6 + 31*z**2. Let u be l(-1). Determine a(u).
-8
Let i(h) = -h**2 + 14*h + 1. Let w = -12906 + 12914. Calculate i(w).
49
Suppose 24 = y + 72. Let k be 18/y + 86/16. Let u(v) = -6*v + 0*v + k*v + 4. Determine u(9).
-5
Suppose -3*x + 5*s + 71 = 0, 0 = x + 3*x - 2*s - 118. Let n(g) = -g + 21 - x + 6*g**2 + 16 - g**3. Determine n(6).
-1
Let h = -249 + 67. Let q = -175 - h. Let g(j) = 3*j - 10. What is g(q)?
11
Let s(m) = 235*m + 1410. Let g be s(-6). Let o(d) = -2*d**2 + 3. Calculate o(g).
3
Let r(y) = -24*y**2 + 136. Let m(f) = -47*f**2 + 267. Let g(v) = 3*m(v) - 5*r(v). Let k(c) be the first derivative of g(c). What is k(1)?
-42
Let m = 15 - 13. Let i(v) = -6*v**m + 18 - 38 + v - 3*v**2 + v**3 + 19. What is i(9)?
8
Let a(j) = -8*j - 148. Let z = -24032 + 24014. Calculate a(z).
-4
Let c(y) = 8*y - 29. Let s(p) = -6*p**2 + 2*p + 61. Let g be s(0). Suppose 2